01
-53 (base 10) to base 9
-58
Convert -21202 (base 3) to base 7.
-416
Convert -1 (base 7) to base 14.
-1
Convert -1 (base 11) to base 2.
-1
32 (base 9) to base 11
27
What is -102 (base 5) in base 9?
-30
8 (base 9) to base 14
8
18 (base 12) to base 10
20
Convert 120 (base 8) to base 2.
1010000
Convert -2102 (base 3) to base 10.
-65
Convert -1 (base 3) to base 6.
-1
-7 (base 9) to base 5
-12
What is -327 (base 8) in base 13?
-137
Convert -1 (base 14) to base 13.
-1
Convert 2 (base 15) to base 2.
10
Convert -a7 (base 11) to base 15.
-7c
Convert -14 (base 7) to base 14.
-b
-4 (base 13) to base 5
-4
Convert 42 (base 10) to base 5.
132
Convert -12 (base 7) to base 4.
-21
110 (base 2) to base 5
11
-65 (base 11) to base 3
-2122
Convert -6 (base 13) to base 2.
-110
What is 0 (base 5) in base 9?
0
Convert 12 (base 7) to base 9.
10
-10 (base 7) to base 10
-7
-32 (base 11) to base 5
-120
1 (base 10) to base 5
1
-10101 (base 3) to base 8
-133
Convert 50 (base 7) to base 8.
43
What is 159 (base 10) in base 15?
a9
Convert -113 (base 6) to base 15.
-30
2 (base 4) to base 12
2
What is -4 (base 7) in base 11?
-4
Convert -111 (base 2) to base 5.
-12
What is 5 (base 9) in base 14?
5
What is 102 (base 13) in base 5?
1141
-10 (base 9) to base 8
-11
What is -79 (base 10) in base 11?
-72
Convert 91 (base 11) to base 5.
400
-146 (base 11) to base 8
-253
What is 153 (base 6) in base 13?
54
What is -110 (base 5) in base 10?
-30
What is d (base 14) in base 13?
10
Convert 11000111 (base 2) to base 9.
241
Convert 1 (base 10) to base 9.
1
What is 1111 (base 3) in base 9?
44
What is 10000 (base 2) in base 4?
100
What is 10 (base 4) in base 2?
100
Convert -1 (base 16) to base 12.
-1
33 (base 5) to base 16
12
Convert -5 (base 9) to base 10.
-5
Convert -1102 (base 5) to base 16.
-98
-48 (base 15) to base 11
-62
Convert 8 (base 14) to base 5.
13
Convert -113 (base 7) to base 2.
-111011
Convert 8 (base 15) to base 12.
8
Convert 11 (base 6) to base 11.
7
0 (base 9) to base 3
0
What is -40 (base 13) in base 16?
-34
-2 (base 7) to base 15
-2
Convert 7 (base 15) to base 6.
11
What is 25 (base 7) in base 10?
19
What is -1113 (base 4) in base 12?
-73
Convert 311 (base 7) to base 16.
9b
Convert -101 (base 2) to base 16.
-5
What is 277 (base 8) in base 12?
13b
Convert 4 (base 8) to base 9.
4
Convert -4 (base 12) to base 16.
-4
Convert -56 (base 15) to base 10.
-81
361 (base 9) to base 6
1214
0 (base 8) to base 14
0
Convert 15 (base 8) to base 11.
12
Convert -10 (base 9) to base 2.
-1001
What is 8 (base 14) in base 6?
12
563 (base 7) to base 6
1202
Convert -222 (base 6) to base 13.
-68
What is -4 (base 16) in base 15?
-4
Convert 11 (base 4) to base 11.
5
-24 (base 7) to base 15
-13
-3 (base 8) to base 15
-3
Convert -2 (base 4) to base 9.
-2
What is 11011 (base 2) in base 5?
102
What is 6 (base 15) in base 14?
6
-4 (base 13) to base 3
-11
What is 3 (base 14) in base 4?
3
Convert 74 (base 14) to base 11.
93
Convert -2 (base 6) to base 3.
-2
Convert -1131 (base 6) to base 12.
-1a7
-1 (base 5) to base 7
-1
0 (base 16) to base 7
0
Convert -110 (base 4) to base 12.
-18
Convert -31 (base 5) to base 12.
-14
3 (base 6) to base 13
3
What is -14 (base 9) in base 16?
-d
-34 (base 15) to base 4
-301
-10 (base 14) to base 5
-24
-17 (base 9) to base 13
-13
Convert -4 (base 10) to base 8.
-4
Convert 10 (base 6) to base 11.
6
101 (base 6) to base 15
27
Convert -11 (base 2) to base 7.
-3
What is 0 (base 8) in base 11?
0
38 (base 11) to base 13
32
Convert 2 (base 9) to base 2.
10
What is -1101 (base 2) in base 13?
-10
111 (base 2) to base 9
7
What is 14 (base 15) in base 13?
16
What is 7 (base 8) in base 9?
7
What is 4 (base 6) in base 10?
4
1 (base 9) to base 12
1
-6 (base 15) to base 6
-10
What is 0 (base 16) in base 7?
0
3 (base 13) to base 14
3
Convert 0 (base 10) to base 6.
0
Convert 2 (base 9) to base 14.
2
Convert -1 (base 13) to base 15.
-1
What is -120 (base 4) in base 7?
-33
-100 (base 2) to base 4
-10
What is -37 (base 11) in base 10?
-40
-1 (base 5) to base 3
-1
-1 (base 4) to base 6
-1
What is -65 (base 8) in base 4?
-311
What is 10 (base 15) in base 16?
f
-21 (base 10) to base 11
-1a
What is 30 (base 6) in base 16?
12
21 (base 4) to base 16
9
-15 (base 10) to base 15
-10
What is 47 (base 10) in base 3?
1202
-a (base 13) to base 4
-22
What is 111 (base 8) in base 2?
1001001
Convert 2 (base 9) to base 11.
2
-123 (base 7) to base 5
-231
What is 36 (base 9) in base 7?
45
What is -14 (base 12) in base 7?
-22
Convert 1 (base 8) to base 11.
1
Convert 0 (base 5) to base 14.
0
Convert -41 (base 14) to base 16.
-39
124 (base 8) to base 15
59
Convert -120 (base 4) to base 7.
-33
27 (base 13) to base 11
30
What is -10011 (base 4) in base 8?
-405
What is -62 (base 10) in base 15?
-42
What is -5 (base 8) in base 9?
-5
-2 (base 13) to base 5
-2
Convert 0 (base 6) to base 3.
0
-1031 (base 4) to base 11
-70
Convert 3 (base 12) to base 5.
3
Convert -12d (base 15) to base 16.
-10c
Convert 112 (base 6) to base 5.
134
Convert 17 (base 12) to base 16.
13
1b (base 12) to base 5
43
123 (base 7) to base 10
66
Convert 2 (base 3) to base 16.
2
Convert -24 (base 10) to base 9.
-26
-133 (base 7) to base 4
-1021
What is 0 (base 11) in base 14?
0
-4 (base 7) to base 10
-4
-32 (base 6) to base 12
-18
What is 6c (base 16) in base 6?
300
What is -45 (base 9) in base 2?
-101001
What is 72 (base 15) in base 7?
212
22 (base 9) to base 4
110
Convert 40 (base 5) to base 3.
202
Convert -11 (base 8) to base 5.
-14
What is -324 (base 7) in base 8?
-245
Convert 110 (base 2) to base 13.
6
-2 (base 8) to base 2
-10
What is 12 (base 3) in base 4?
11
What is 122 (base 5) in base 14?
29
-2 (base 6) to base 12
-2
What is 11 (base 12) in base 15?
d
Convert -4 (base 7) to base 6.
-4
3 (base 7) to base 10
3
Convert -a (base 13) to base 15.
-a
-57 (base 13) to base 4
-1020
6e (base 15) to base 2
1101000
-3 (base 13) to base 3
-10
Convert -13 (base 10) to base 12.
-11
What is -1 (base 10) in base 11?
-1
What is 13 (base 8) in base 5?
21
-110 (base 3) to base 7
-15
44 (base 8) to base 10
36
Convert -4a (base 16) to base 11.
-68
13 (base 11) to base 4
32
Convert -2 (base 15) to base 10.
-2
3 (base 15) to base 8
3
-2 (base 9) to base 14
-2
4e (base 15) to base 7
134
Convert -17 (base 10) to base 16.
-11
Convert -1 (base 12) to base 5.
-1
-a (base 16) to base 7
-13
What is 2 (base 4) in base 16?
2
What is 40 (base 8) in base 16?
20
Convert 20 (base 12) to base 2.
11000
-16a (base 14) to base 4
-10202
What is 1100010 (base 2) in base 7?
200
What is -48 (base 9) in base 14?
-32
c (base 14) to base 15
c
What is 0 (base 3) in base 16?
0
Convert -4 (base 12) to base 5.
-4
Convert 3 (base 16) to base 2.
11
-115 (base 10) to base 7
-223
What is -7 (base 13) in base 3?
-21
What is -12 (base 14) in base 2?
-10000
-2 (base 13) to base 14
-2
5 (base 11) to base 13
5
-45 (base 9) to base 2
-101001
What is -192 (base 11) in base 12?
-166
What is -12e (base 15) in base 2?
-100001101
-3 (base 5) to base 6
-3
a (base 16) to base 15
a
Convert 15 (base 11) to base 10.
16
What is 3010 (base 4) in base 10?
196
What is 21 (base 3) in base 15?
7
-2 (base 4) to base 6
-2
Convert 6 (base 15) to base 7.
6
Convert -303 (base 4) to base 12.
-43
Convert 76 (base 14) to base 7.
206
What is -1 (base 2) in base 6?
-1
What is -44 (base 8) in base 14?
-28
14 (base 6) to base 2
1010
Convert 10100 (base 2) to base 7.
26
253 (base 8) to base 6
443
What is -7 (base 14) in base 9?
-7
4 (base 14) to base 10
4
Convert -2 (base 16) to base 11.
-2
-9 (base 12) to base 9
-10
1101101 (base 2) to base 13
85
Convert -4 (base 16) to base 3.
-11
3 (base 15) to base 9
3
What is 2 (base 3) in base 9?
2
Convert 254 (base 6) to base 2.
1101010
What is 32 (base 13) in base 15?
2b
Convert -6 (base 11) to base 16.
-6
Convert 6 (base 15) to base 5.
11
What is -131 (base 6) in base 16?
-37
What is -111 (base 2) in base 14?
-7
-a (base 14) to base 4
-22
Convert a6 (base 12) to base 2.
1111110
What is -65 (base 7) in base 12?
-3b
What is 3 (base 6) in base 7?
3
What is -100011 (base 2) in base 11?
-32
5 (base 11) to base 6
5
Convert -2 (base 14) to base 11.
-2
0 (base 15) to base 4
0
Convert -2 (base 6) to base 14.
-2
What is 51 (base 7) in base 15?
26
Convert 17 (base 13) to base 3.
202
What is -1 (ba